er when 220 is divided by v(-5).
68
Let i = -19 + -11. Let n = 24 + i. Let r(q) = q**3 + 9*q**2 + 12*q - 6. What is the remainder when r(n) is divided by 11?
8
Suppose 3*x - 29 = -n, -6*n - 82 = -9*n - 4*x. Suppose 2*m - 3*m + 102 = 0. Calculate the remainder when m is divided by n.
24
Suppose -3*f + 45 = -0*f. Let q = 35 - f. Suppose -7*o = -3*o - q. What is the remainder when 6 is divided by o?
1
Suppose 6*u = -102 + 612. Calculate the remainder when 335 is divided by u.
80
What is the remainder when 94 is divided by -2 + 33 + 7 + -6?
30
Suppose 0 = 28*z - 27*z - 25. What is the remainder when z is divided by (-26)/(-65) + (-63)/(-5)?
12
Suppose 10*x - 1440 = 1160. What is the remainder when x is divided by 9?
8
Suppose -11*r = -13*r + 150. Let v = -32 + r. What is the remainder when v is divided by 15?
13
Let h(j) = -j**3 + 6*j**2 - 4*j - 18. Calculate the remainder when h(-5) is divided by 70.
67
Let g(k) = 2*k + 19. Let d(t) = t**2 + 3*t + 6. Calculate the remainder when g(9) is divided by d(-4).
7
Let r(c) = -7*c - 59. Suppose 5*k - 56 = 9. Calculate the remainder when r(-12) is divided by k.
12
Suppose 0 = 6*u - 192 + 126. Calculate the remainder when 182 is divided by u.
6
Let i be 1134/8 - 4/(-16). Calculate the remainder when (14/4)/7*i is divided by 25.
21
Let s be 1 + (-6)/(-3) - -7. Suppose -a + s = -15. Let n = a - 10. Calculate the remainder when 56 is divided by n.
11
Let s = 213 + -202. What is the remainder when 18 is divided by s?
7
Suppose 13*b - 176 - 708 = 0. Calculate the remainder when b is divided by 30.
8
What is the remainder when 231 is divided by 4/6 - (0 + (-304)/12)?
23
Let q = 41 + -25. Suppose -10*l + 671 = l. Calculate the remainder when l is divided by q.
13
Let t be ((-68)/8)/((-3)/(-6)). Let l = 8 + t. What is the remainder when 3 is divided by 1/(15/l - -2)?
0
Let a(l) = l**3 - 13*l**2 - 16*l - 31. Let h(k) = -k**2 + 15*k - 11. Let s be h(13). Calculate the remainder when a(s) is divided by 36.
35
What is the remainder when 3594/7 - -9*(-1)/21 is divided by 86?
83
Let p = -15 - -31. Let m(a) = a - 1. Let y(s) = 6*s - 4. Let r(u) = p*m(u) - 3*y(u). What is the remainder when r(-10) is divided by 6?
4
Suppose 495 = 6*r - r. Let u = -141 + 41. Calculate the remainder when r is divided by 1/1*u/(-4).
24
Let m = -142 + 154. Suppose -4*u + 2 = 2*h, -5*h + h = 3*u + 21. Let z = h - -16. What is the remainder when m is divided by z?
5
Suppose r - 3*r - 340 = -2*t, -2*r = -5*t + 838. Calculate the remainder when t is divided by 28.
26
Suppose -j - 5*g + 12 = -15, 15 = 5*j + g. Suppose -4*p + 34 + j = 0. Calculate the remainder when 24 is divided by p.
6
Let w(i) = 4*i**2 - 1. Let s = 16 - 18. Let j be w(s). Let p = j - 9. What is the remainder when 15 is divided by p?
3
Let o(w) = -3 + w + w - 4*w. Let u be o(-3). What is the remainder when (-138)/(-4)*4/u is divided by 12?
10
Suppose 54*p = -3964 + 13522. Calculate the remainder when p is divided by 176.
1
Let z = -131 - -224. Suppose 0 = 3*l + o - 161, z = 5*l + 5*o - 162. Calculate the remainder when l is divided by 29.
26
Suppose -38 = -2*p - 3*j, -5*p + 3*j + 18 = -119. Suppose -2*w + 5*d + 234 = 0, -d = 2*d - 6. Calculate the remainder when w is divided by p.
22
Let c = -4944 + 4954. Suppose 0 = 5*j - 88 - 57. Calculate the remainder when j is divided by c.
9
Suppose -8*v + 20 = -76. Suppose -2*m + m + 3*n + 11 = 0, 2*m + 3*n - 40 = 0. What is the remainder when m is divided by v?
5
Let h(s) = -4*s + 1. Let p be h(-3). Calculate the remainder when (p/(-3))/(5/(-15)) is divided by (2/(-6) + -2)*-3.
6
Let a(y) = 2*y**3 - y**2 - 2. Suppose 3*p - 53 = -3*x + 61, p - 146 = -4*x. Let o = x + -20. What is the remainder when o is divided by a(2)?
6
What is the remainder when 63 - 13 - (-3 + 4) is divided by 5?
4
Let b = -342 - -360. Suppose -5*u - 29 = -194. Calculate the remainder when u is divided by b.
15
Suppose 0*c + 7 = c. Let s = c - -6. What is the remainder when 34 is divided by s?
8
Let y be -5*(-3)/(-1)*1. Let i = y + 15. Suppose i = -v - 4*v + 95. Calculate the remainder when 74 is divided by v.
17
Suppose 17*z + 3*k = 12*z + 668, 0 = -3*z - k + 400. Let r(n) = n**3 + 6*n**2 - 3*n - 3. What is the remainder when z is divided by r(-6)?
13
Let d(a) = 8*a - 5. Let u be d(2). Let i = u + -7. Calculate the remainder when (-1)/(i/(94*-2)) is divided by 12.
11
Suppose 1114 - 46 = 6*w. What is the remainder when w is divided by 38?
26
Let h(z) = 15*z + 31. Suppose 9 = -5*x + 24. What is the remainder when x is divided by h(-2)?
0
What is the remainder when -3 - 8/(-3) - (-400)/3 is divided by 21?
7
Let u(o) = -3*o - 2. Let r be u(-2). Suppose -8*b + 60 = -r*b. What is the remainder when 44 is divided by b?
14
Let w = 452 - 325. Calculate the remainder when w is divided by 33.
28
Let r(g) = 2*g - 41. Let l be r(0). Let b = -35 - l. Suppose -8*a + 38 = -b*a. What is the remainder when 34 is divided by a?
15
Suppose -17 = 3*q - 191. Let y(l) = -l**3 + 32*l**2 - 23*l - 218. Calculate the remainder when q is divided by y(31).
28
Suppose -15*t + 88 + 32 = 0. Calculate the remainder when 205 is divided by t.
5
Suppose 9*t = 5*t + 84. Let s = 27 - t. What is the remainder when 22 is divided by s?
4
Suppose -5*v + 4*o = -2*v - 10, -2*o = -5*v + 12. Calculate the remainder when 17 is divided by v.
1
Suppose 4*x = 4, -4*t - 2*x + 82 + 472 = 0. What is the remainder when t is divided by 8?
2
Let b = 916 - 873. What is the remainder when b is divided by 30?
13
Let d(y) = -39*y**2 + 8*y - 4. Let m be d(-7). What is the remainder when 59 is divided by 4/(-14) - m/63?
28
Suppose 21*k - 296 = 691. Suppose -3*v + 13 = -2*v. What is the remainder when k is divided by v?
8
Let m(o) = 2*o + 5. Let n(g) be the second derivative of -g**5/20 - g**3/6 + 10*g**2 - 3*g. What is the remainder when n(0) is divided by m(1)?
6
Let c = -2196 + 2584. What is the remainder when c is divided by 130?
128
Let x(m) = 3*m**2 - 14*m + 1. Let v(q) = -q**2 + q - 1. Let z(d) = 4*v(d) + x(d). What is the remainder when z(-7) is divided by -20*(26/(-8) + 3)?
3
Let r(c) = -c**3 + 5*c**2 + 5*c + 3. Suppose -26*d + 295 = 9. Calculate the remainder when r(4) is divided by d.
6
Suppose -4*x + 4*s = -1064, 5*x - 13*s - 1330 = -15*s. What is the remainder when x is divided by 4?
2
Let d be (-3)/2 + (-1662)/(-4). Suppose j = -j + d. What is the remainder when 45 is divided by (-1 + -2)*j/(-27)?
22
Suppose 0 = -y + 2*v - 9, -4*y + 3*v - 21 = -0*y. What is the remainder when 3 - (y - (20 - 4)) is divided by 14?
8
Let c = 1722 + -1705. Let x(y) = 8*y**3 + y - 1. What is the remainder when x(2) is divided by c?
14
Let w = -5 + 21. Let h(q) = -3*q**2 - 155*q + 609. What is the remainder when h(-55) is divided by w?
11
Let z = 87 + -85. Let v be ((-2)/(-4))/((-1)/12). Let a = -3 - v. Calculate the remainder when a is divided by z.
1
Suppose -3*m - 19 = 2*c - 357, c = -2. What is the remainder when m is divided by 13?
10
Suppose -52*s + 147404 = 34*s. Calculate the remainder when s is divided by 101.
98
Suppose -4*r + g + 43 - 11 = 0, -4*r + 32 = -5*g. Calculate the remainder when 30 is divided by r.
6
Suppose 5*b + 18 = 5*j + 43, -5*j + 5 = b. Suppose -4*p - 3*g = -135, -b*g = 2*p - 17 - 40. Calculate the remainder when p is divided by 13.
10
Suppose -5*f = -4*g + 102, -5*g + 97 = 3*f - 49. Calculate the remainder when 110 is divided by g.
26
Suppose 4*i + 11 = d - 0, -i + 40 = 2*d. What is the remainder when 69 is divided by d?
12
Suppose -5*f = -10*f + 1265. Let z = f - 65. Suppose 5*v + 192 = 3*q + 46, -4*q = -5*v - z. Calculate the remainder when q is divided by 15.
12
Suppose -58 - 2 = -3*k. Suppose -5*s = -s - k. Suppose -65 = -s*z - 0*z. Calculate the remainder when 38 is divided by z.
12
Let x = 13 + -2. Let r(v) = v**2 + 4*v - 8. Let n be r(0). Calculate the remainder when -124*(3/n)/(9/6) is divided by x.
9
Let d = -668 - -681. What is the remainder when ((-114)/(-7))/(1/7) is divided by d?
10
Let b(t) = t**3 - 9*t**2 - 2*t + 38. What is the remainder when b(9) is divided by 2?
0
Suppose 0 = 3*h - 6*h + 2*f + 945, -12 = 4*f. What is the remainder when h is divided by 21?
19
Let q(g) = 2*g**2 + 25*g + 1. Calculate the remainder when q(-14) is divided by 16.
11
Suppose -25 - 92 = -3*k - 3*x, x = -4*k + 144. 